isor of 7 and u?
7
Let m(r) = -r**2 + 4*r + 2. Let a be m(4). Suppose -4*l - 3 - 42 = -3*d, 0 = a*l. Suppose -2*f - f = -9. What is the highest common factor of d and f?
3
Suppose 2*s + 474 = r + 3*s, 2368 = 5*r + 3*s. What is the greatest common divisor of r and 43?
43
Let y be (-204)/(-6) + 1 + 0. Let q(d) = d + 3. Let o be q(3). Suppose 0 = -o*z + 5*z + y. Calculate the highest common divisor of z and 7.
7
Suppose 0 = j - 5 + 2. Let t(f) = -2*f - 1. Let o be t(-2). Suppose u + 0*u - 11 = -4*v, -o*v = j*u - 24. What is the greatest common factor of u and 7?
7
Let h be (-2)/(-4) + (-489)/6. Let d = -54 - h. What is the greatest common divisor of d and 54?
27
Suppose 119 = a + 6*a. Calculate the greatest common factor of a and 153.
17
Let h be (-2)/(-8) - 429/(-12). Suppose 0 = -b + h + 21. What is the highest common factor of 19 and b?
19
Let m be (20/5)/(2/6). Let s be 1/2*(11 - 3). Calculate the greatest common divisor of s and m.
4
Suppose 4*i + 24 = 68. Let t be 109/(-763) + -45*(-12)/7. Calculate the highest common divisor of i and t.
11
Suppose -3*y - 144 = 2*g - 399, -2*y + g = -170. Suppose 0 = -0*k + 5*k - y. Let b = 115 - -72. Calculate the highest common factor of b and k.
17
Suppose -98 = x - 536. Let b be x/9 + (-2)/3. Calculate the highest common divisor of 6 and b.
6
Let q(s) = 4*s**2 + 13. Let w be q(4). Suppose -3*h + 17 = 3*a - 7, 0 = 5*h - a - 58. What is the highest common divisor of h and w?
11
Let b(z) = -18*z - 4. Let k be b(-3). Calculate the highest common divisor of 20 and k.
10
Let b(y) = -10*y + 16. Let u be b(-8). What is the greatest common divisor of 16 and u?
16
Suppose d = 5*s - 285, 3*d + 74 = 4*s - 165. What is the greatest common factor of 7 and s?
7
Let p(y) = y - 7. Let f be p(11). Calculate the greatest common factor of f and 20.
4
Let f = -99 - -204. Calculate the greatest common factor of 15 and f.
15
Let z(j) = 5*j - 50. Let x be z(14). Calculate the greatest common factor of x and 180.
20
Let v(b) = 3 + 2*b**2 - 3*b**2 - 2*b - 2*b. Let q be v(-3). Let k(o) = 4*o + 6. Let x be k(6). What is the highest common divisor of x and q?
6
Let o = 100 - 93. Calculate the greatest common factor of o and 35.
7
Let h(t) = t**3 - 4*t**2 - 4*t - 3. Let c be h(5). What is the greatest common factor of 22 and c?
2
Let a = 16 + 39. What is the highest common divisor of 22 and a?
11
Let n = 0 - -14. Let l = -12 + 33. What is the greatest common factor of l and n?
7
Suppose 5*z + 18 = 3*z. Let d be -9*(1 + 2)/z. Calculate the greatest common factor of 3 and d.
3
Let n = -38 - -142. Calculate the greatest common divisor of 13 and n.
13
Let d be (-10)/4 + 2/(-4). Let j be 20 + d*(-4)/(-3). Calculate the highest common divisor of j and 4.
4
Let t(d) = d**2 - 9*d + 24. Let y be t(4). Calculate the greatest common factor of 1 and y.
1
Suppose 2*m = 4*k - 596, 6*k - 2*m = 5*k + 155. What is the highest common factor of k and 21?
21
Let f(t) = -t**3 - t**2 - t + 1. Let g be f(1). Let s be (-1 + g + 2)*-2. Calculate the highest common divisor of s and 10.
2
Let g be 0/(-1 + 1*3). Let p be 1 + (1 + g - -23). Suppose 0 = -6*x + 12 + 48. What is the highest common factor of p and x?
5
Let t(n) = -n**3 - 3*n**2 + 7*n. Let a be t(-5). Suppose -2*z + 4 = -z. Suppose -3*i - 150 = -z*i. What is the greatest common divisor of a and i?
15
Let s(p) = 10*p**2 + p + 1. Let k be s(-2). Calculate the highest common divisor of 26 and k.
13
Suppose -308 = -7*h + 3*h. Suppose f - 2*f = 3. Let j = 4 - f. Calculate the greatest common factor of h and j.
7
Let q = -14 - -16. Let g be 14 - (q - (-16)/(-4)). Calculate the greatest common factor of g and 144.
16
Let g = -11 - 4. Let o be -1*1*(g - 2). Let i = o - 9. What is the highest common factor of 64 and i?
8
Suppose -4*w = -4, -5*c + 6*c - 3*w - 15 = 0. Suppose 0 = o - 4*m + 3, o = -0*o - 3*m + c. Suppose a + 15 = 6*a. Calculate the highest common factor of o and a.
3
Let q be (-131)/(-5) - (-7)/(-35). What is the greatest common factor of q and 2?
2
Let d(y) = y**2 + 4*y + 1. Let a be d(-5). Suppose 3*m - 15 = -a, -m = -3*i + 3. Suppose 0*j + j - 18 = 0. Calculate the greatest common divisor of i and j.
2
Suppose 0 = -4*k - 5*s + 93, 4*s - 2 = -k + 13. Calculate the highest common divisor of 216 and k.
27
Let w be 7/((-49)/6)*-28. Calculate the highest common factor of w and 36.
12
Let y be (-2)/(-1) - (-9 + 5). Let v be ((-1)/1)/(y/(-96)). What is the highest common factor of v and 32?
16
Let k(i) = i**2 - 3*i + 5. Let f be k(5). What is the highest common divisor of f and 165?
15
Let c be -30 + -3 + -3 + -3. Let m = -26 - c. Calculate the greatest common divisor of 13 and m.
13
Let u be (-5 - -15) + 1 + 3. Suppose 4 = -2*s, 3*v + s - 3*s - 1 = 0. Let o be 44/6 - v/(-3). Calculate the greatest common factor of o and u.
7
Let j(c) be the third derivative of c**4/12 - c**3 + 2*c**2. Let v be j(6). Calculate the highest common factor of 24 and v.
6
Let r be -3 + (-2 - -3 - -4). Suppose 8 = 2*y, z + r*z + 2*y = 23. Calculate the highest common divisor of z and 25.
5
Let d(q) = -5*q - 4. Let f be d(-3). Suppose -2*a + f = a + 2*r, 2*a - 2 = 4*r. Suppose 3*g - a = 6. What is the greatest common divisor of 1 and g?
1
Suppose -2*z + 5*t - 9 = -0*z, -4*z + 15 = t. Let a be 13 - ((z - 1) + -1). What is the greatest common factor of 96 and a?
12
Suppose y = 6*y - 600. Let m(k) = -k**2 + 13*k + 12. Let w be m(4). What is the highest common factor of y and w?
24
Suppose 5*a - 3858 - 2167 = -5*z, 3*a = 5*z + 3655. Suppose w = 4*h + 308, 5*h + a = 3*w + w. Calculate the greatest common factor of w and 30.
30
Let u be ((-12)/10)/((-4)/30). Let s be (-2 - -1) + -1 + 2. Let k = u - s. What is the greatest common factor of 1 and k?
1
Let r be (-48)/(-18)*(-6)/(-4). Suppose -r*q + 80 = -52. Suppose -3*f - 4*x + q = -9, x - 87 = -5*f. What is the highest common divisor of f and 12?
6
Suppose l - g = 159, 2*l + l - 484 = -4*g. Calculate the highest common factor of 32 and l.
32
Suppose -8 = -3*r + 5*r, r = 2*g + 8. Let k(i) = -i**3 - 6*i**2 - i + 1. Let w be k(g). Calculate the greatest common factor of 7 and w.
7
Let n = 14 + -1. Calculate the greatest common factor of 26 and n.
13
Let l(i) = -i**2 + 7*i + 7. Let x be l(7). Let v be (13/2)/(x/14). Suppose 8*g = 3*g + 65. Calculate the greatest common factor of g and v.
13
Let i = 164 + -44. What is the highest common divisor of 12 and i?
12
Suppose 11*f - 3*f - 880 = 0. What is the highest common factor of f and 22?
22
Let x(t) = -t**3 - 3*t**2 + 3*t + 1. Let f be x(-4). Calculate the highest common factor of f and 45.
5
Let i be (2 - -3) + (-4 - -1). What is the greatest common divisor of i and 16?
2
Suppose 0 = -3*q + 48. Let l = -36 - -68. Calculate the highest common factor of q and l.
16
Suppose -4*a - a + 1890 = 0. What is the highest common divisor of 42 and a?
42
Suppose 4*i + 0*h - 9 = -h, 0 = 2*h + 6. Suppose 2*t = i*t - 6. Calculate the greatest common divisor of t and 15.
3
Let z = 27 + -16. Calculate the greatest common divisor of z and 44.
11
Suppose 0 = 5*m + 15 - 5. Let n be 8/6*(8 + m). What is the greatest common divisor of 12 and n?
4
Suppose 0 = y - 4*o + 42 - 122, 240 = 3*y + 4*o. Calculate the highest common divisor of y and 10.
10
Suppose 2*w = -w + 6. Let g = 12 - w. What is the greatest common factor of 5 and g?
5
Let s = -8 - -13. Suppose -3*r = -s - 31. Calculate the greatest common factor of r and 36.
12
Let d = -6 - -6. Suppose -3*p - 3*c + 0 - 3 = 0, d = 3*p - 2*c - 12. Calculate the greatest common factor of 6 and p.
2
Let w be (17/(-3))/(6/72*-4). Calculate the highest common factor of 272 and w.
17
Let f(s) = 4*s**2 + 10*s + 9. Let r be f(-7). Let w = -1 + 16. Calculate the greatest common factor of w and r.
15
Suppose 20 = 5*d - 5. Suppose -c = -4*c + 2*a + 32, -d*c + 3*a = -55. Calculate the highest common factor of c and 56.
14
Suppose 0 = -0*s + 2*s. Suppose -2*w + 5*j = -s*w - 7, -3*j = -3*w + 33. Let n(v) = -v + 92. Let o be n(12). Calculate the greatest common factor of w and o.
16
Suppose 3*q + 10 - 25 = 0. Suppose 50 = 5*y - q*w, 0 = 3*w + 6. What is the greatest common factor of y and 64?
8
Let f be ((-2)/(-6))/((-5)/(-195)). Calculate the greatest common divisor of f and 117.
13
Let g be 2/3 - 37/(-3). Let c(b) = -b